 4850 = -22*p. What are the prime factors of ((-2)/4)/(5/p)?
5, 97
Let k = -36 - -79. Let f = k + -38. Suppose 3*b = 2*r - 200, r + f*b + 100 = 2*r. List the prime factors of r.
2, 5
Let i(z) = -13*z**3 + 4*z - 18. Let o(h) = 7*h**3 - 2*h + 9. Let q(r) = 6*i(r) + 11*o(r). What are the prime factors of q(-4)?
47
Let k be 2/(-14)*1 + 129257/(-133). Let m = k + 1683. Suppose -5*h + 703 = 3*u, -h + u = -6*h + m. What are the prime factors of h?
11, 13
Let a = -12850 - -14184. What are the prime factors of a?
2, 23, 29
Let y be (((-315)/27)/7)/(10/(-18)). Suppose -5*d + 3572 = -s, -y*s = -20*d + 17*d + 2148. List the prime factors of d.
2, 3, 7, 17
Let y(x) be the second derivative of -x**5/20 - 3*x**4/4 - 3*x**3/2 + 7*x**2 + x. Let q be y(-6). Let f = 23 - q. What are the prime factors of f?
3, 7
Let v(m) = 2*m - 15. Let h be v(10). Suppose 2*t = 74 + 24. Suppose h*p - 308 = -3*b, -b + 5*p + 27 = -t. List the prime factors of b.
2, 3
Let o = 11602 - 1980. List the prime factors of o.
2, 17, 283
Let l be (-38)/(-9) - (-60)/(-270). Let k(p) = 50*p**2 - 5*p + 20. What are the prime factors of k(l)?
2, 5
Suppose 86*i - 88*i + 234 = 0. List the prime factors of (-26)/i - (-3)/((-27)/(-3584)).
2, 199
Suppose -5*s = -2*u - 31720, s - 9106 + 2749 = 3*u. What are the prime factors of s?
2, 3, 7, 151
Let w(j) = 104*j - 1458. List the prime factors of w(63).
2, 3, 283
Let d be (-4)/(-8)*1*(-3 + 97). Suppose -9492 = -54*p + d*p. What are the prime factors of p?
2, 3, 113
Let i(u) = -27*u**3 - u**2 + u - 3. Let z be i(-4). Suppose 6*m - m + 5*y - z = 0, -3*m - 4*y + 1024 = 0. What are the prime factors of (m/8 + 5)/(1/2)?
5, 19
Let d = -4757 + 11446. What are the prime factors of d?
6689
Let j(s) = 2*s**2 - 8*s - 11. Let a be j(-10). Suppose 0 = 3*q - a - 109. What are the prime factors of q?
2, 3, 7
Let b(q) = 1352*q + 2883. What are the prime factors of b(18)?
3, 43, 211
Let q = -335 - -662. Let a = 427 - q. List the prime factors of a.
2, 5
Let c be 3*(1 - (-6 - -6)). Suppose -4*m + c*h + 2513 = 0, 4*m = -h + 1645 + 856. What are the prime factors of m?
2, 313
Let q be (-1)/2*-4 - (2 - 5). Suppose 5*m + 0*o = 4*o + 5150, q = -o. List the prime factors of m.
2, 3, 19
Let v(j) = 381*j**2 + 162*j + 890. What are the prime factors of v(-7)?
5, 11, 67
Let a(t) = t**3 + 2*t**2 - 12*t + 6. Let b be a(11). Suppose 0 = -3*s + 5*i + b, -5*s + 5*i + 3557 = 1142. List the prime factors of s.
2, 11
Suppose -a + 2 = -0. Suppose 4*h = 7*c - a*c + 20, -c + 10 = 2*h. Suppose h*i + 3*z = 2*i + 66, -3*z = -3*i + 42. List the prime factors of i.
2, 3
Let j(n) = 20*n + 120. Let p be j(-20). Let z = 399 + p. List the prime factors of z.
7, 17
Suppose 20*i = -2*k + 15*i + 9396, 0 = -5*k - 3*i + 23490. What are the prime factors of k?
2, 3, 29
Let f(l) be the third derivative of 0 + 14*l**2 + 0*l + 7/30*l**5 - 13/3*l**3 - 4/3*l**4 + 1/120*l**6. List the prime factors of f(-15).
229
Let i = -613 + 1543. List the prime factors of 9 + -4 + -5 - i/(-2).
3, 5, 31
Suppose -3*t - 1 = -j, -5*j - t + 0*t + 5 = 0. Let u be -3 - (-3 - (-2 - (-2)/j)). Suppose u = -21*x + 18*x + 732. What are the prime factors of x?
2, 61
Let r(u) = 729*u**2 + 1756*u + 10516. What are the prime factors of r(-6)?
2, 11, 149
Suppose -495*t = -37*t - 6007600 - 12764446. What are the prime factors of t?
17, 2411
Let x be 2/(-10) - 78/(-15). Suppose x*w + 2*u = 2*w + 2328, -3*w + 2328 = 5*u. List the prime factors of w.
2, 97
Suppose 23*r + 12465 - 62490 = 0. Suppose -27*i = r - 7062. List the prime factors of i.
181
Suppose 21*k - 74181 = 7845. List the prime factors of k.
2, 3, 7, 31
Let a(s) = s**2 - 9*s - 10. Let r be a(9). Let d(m) = m**2 - 2*m - 20. Let l be d(r). Suppose -6*y = -10*y + l. List the prime factors of y.
5
Let d be 7*((-6)/(-4) - 2)*-2. Let q be -1 - 57/d - (-17)/119. Let l(j) = -3*j - 3. List the prime factors of l(q).
2, 3
Let p be (-12884)/(-20)*5 + 2/2. Suppose 0 = 12*x - 9*x - p. What are the prime factors of x?
2, 3, 179
Let d = 4894 - -34229. List the prime factors of d.
3, 7, 23
Suppose 30 = -46*v + 56*v. Suppose 2*b - 60 = 3*b - 2*x, 5*b + 345 = x. What are the prime factors of v/((-45)/b)*3?
2, 7
Let c(h) = 2*h - 50. Let s be c(21). Let q = -3 - s. Suppose -q*n - 391 = -1241. List the prime factors of n.
2, 5, 17
Suppose -3*y - 2 = 5*x + 8, 0 = 3*y + x - 10. Suppose 29*k - 4*r = 26*k + 440, 2*k - y*r = 284. What are the prime factors of k?
2, 19
Suppose -1831*q + 62360 = -1823*q. List the prime factors of q.
5, 1559
Suppose -l = -3*w + 13, 2*l - 15 = -w - 6. Suppose 0 = 5*z - w*c - 4795, -18*c - 1 = -19*c. What are the prime factors of z?
2, 3, 5
Let m be (-153 - (11 + -5))*-1. Let j = m - -497. List the prime factors of j.
2, 41
List the prime factors of (-25)/(-30)*-489*-2.
5, 163
Suppose 14*s + 4*v = 13*s + 5544, s - 3*v - 5565 = 0. What are the prime factors of s?
2, 3, 463
Suppose 11616937 = -413*f + 31013069. List the prime factors of f.
2, 59, 199
Suppose -41232 = -4*j - h - 13815, -3*j = -5*h - 20534. What are the prime factors of j?
7, 11, 89
Suppose -13*l + 7691 + 18465 = 0. List the prime factors of l.
2, 503
Let m(n) = 51*n**2 - 111*n + 408. What are the prime factors of m(25)?
2, 3, 2459
List the prime factors of (-4)/(-8) - 180895/(-22).
3, 2741
Let j(n) = 44*n**2 - 7*n - 199. List the prime factors of j(-12).
6221
Let f = 543 + -1189. Let h = 937 + f. What are the prime factors of h?
3, 97
Let q(s) = 18*s + 76. Let x(a) = a**3 + 21*a**2 - 21*a + 39. Let o be x(-22). List the prime factors of q(o).
2, 191
Let i = 11 - 0. Let j = -13 + i. What are the prime factors of j - ((-62)/2 + -2) - -2?
3, 11
Let y(g) = 326*g + 28. Let s be y(5). Let u = -743 + s. What are the prime factors of u?
3, 5, 61
Suppose 5*j = -5*m, -3*m = m + 12. Let h = 243 + -166. Suppose -j*k = 5*n - k - 397, h = n + k. List the prime factors of n.
3
List the prime factors of (-1)/4 - ((-24698575)/(-116))/(-19).
2, 13, 431
Suppose 5*a + 49 = -16. Let g(w) be the first derivative of w**4/4 + 13*w**3/3 - 2*w**2 - 16*w - 5. What are the prime factors of g(a)?
2, 3
List the prime factors of 19420/2 + 270/42 + 9/(-21).
2, 7, 347
What are the prime factors of 11349 + -15 + (6 - -12) + 3/(-1)?
3, 13, 97
Let o(v) = -3*v**3 + v**2 - 2*v + 26652. List the prime factors of o(0).
2, 3, 2221
List the prime factors of -35626*9/(-6) - 18/3.
3, 1979
Let a(d) = 4*d - 8. Let y be a(4). Let m = y - 5. Suppose m*w + 235 = 829. List the prime factors of w.
2, 3, 11
Suppose -7*c + 11 + 10 = 0. Suppose c*k - 5*k = -270. List the prime factors of k.
3, 5
Suppose -1003*z + 1038*z = 1580565. What are the prime factors of z?
3, 15053
Suppose -93*g - 5*v = -100*g + 59294, 16954 = 2*g + 5*v. List the prime factors of g.
2, 3, 353
Suppose 0*l = -3*l + 3*j - 3, -10 = -2*l - 2*j. Suppose 4*t = -5*n + 825, 6*t - l*t - 820 = -4*n. List the prime factors of t.
2, 5
Let f be ((-2196)/21)/((-8)/(-56)). What are the prime factors of 3*3/((-54)/f)?
2, 61
Suppose u - 216 = -u. Let r = 207 - 28. Let q = r - u. List the prime factors of q.
71
Suppose -8*t + 5*t + 10721 = 4*c, -5363 = -2*c - t. Suppose -c = -2*m + 3*f, 6*m = 9*m + 3*f - 4041. List the prime factors of m.
5, 269
Let a = 32643 - -26517. List the prime factors of a.
2, 3, 5, 17, 29
What are the prime factors of 172089731/10445 + (-4)/(-10)*2/4?
2, 3, 1373
Suppose 0 = -15*f - 314 - 181. What are the prime factors of 8/((22/f)/(196/(-6)))?
2, 7
Let u be ((-21353)/(-4))/((-407)/(-44) + -9). Suppose -37*d + u = -22492. List the prime factors of d.
3, 5, 79
Suppose -2*w - 11 = -0*k - k, -3*w - 11 = 4*k. Let x be (0 - (-4)/14)/(w/(-35)). Suppose x*c = -c + 498. List the prime factors of c.
2, 83
Let w(u) = -u**3 - 32*u**2 + 64*u - 15. List the prime factors of w(-40).
5, 409
Suppose 50*q + 3*y - 664 = 49*q, -5*y - 1273 = -2*q. What are the prime factors of q?
11, 59
Let z be (52/(-20) - 5) + (-4)/10. List the prime factors of (z/56*-2)/(1/4039).
2, 577
Let g = 17002 + -9005. List the prime factors of g.
11, 727
Let y(l) = -l**2 + l + 1. Let h(x) = 4*x**2 - 5*x - 5. Let r(u) = -h(u) - 6*y(u). Let p = -401 + 394. List the prime factors of r(p).
2, 13
Let d = -4813 + 10693. List the prime factors of d.
2, 3, 5, 7
Let q(c) = c - 57. Let r be q(20). Suppose 353 = 5*o - 2*n, -5*n = 4*o - 1